mmon divisor of k and p?
16
Let b(z) = 12*z**3 + z**2 - z + 1. Let s be b(1). Suppose 2*i = 21*j - 23*j + 240, -225 = -2*j + 3*i. What is the highest common divisor of j and s?
13
Let j(i) = -i**3 + i + 187. Let l(c) = -c**3 + 5*c**2 + 2*c - 6. Let z be l(5). Let p = 4 - z. Let f be j(p). What is the greatest common factor of f and 17?
17
Suppose 0 = -3*j + 17 - 2. Suppose -p + 15 = 2*y, p - 4*y = -y - j. Suppose 8*t = 1280 - 888. Calculate the highest common divisor of t and p.
7
Suppose 3*t - 5*v = 259, -95 = 5*t + 3*v - 470. Let z = -36 + 62. What is the highest common divisor of t and z?
26
Suppose -2*z + 18 = -4*b, -2*z = 2*z + b - 45. Let c = 86 + -42. Calculate the highest common divisor of z and c.
11
Let f be ((-39)/6)/((-1)/10). What is the greatest common divisor of f and 26?
13
Suppose 4*y + 50 = -3*i, 0*i - 3*y = -i + 5. Let d be (-4)/i - (-3 - (-140)/(-25)). What is the highest common divisor of d and 9?
9
Let g = 392 + -180. What is the highest common divisor of g and 4?
4
Let v = -1 + 21. Let s(b) = -2*b**3 - b**2. Let f be s(-1). Let l be (-2 + 3)/f*v. What is the greatest common factor of 20 and l?
20
Let j(o) = -7*o - 111. Let f be j(-18). Calculate the greatest common divisor of 135 and f.
15
Suppose -z - 2*v + 847 = -15, 2*z = 3*v + 1752. Calculate the highest common divisor of 90 and z.
30
Suppose 0 = -k + 4, 3*k = 5*i - 0 - 3. Let o = i - -18. Suppose 9*n - 6*n = o. What is the highest common factor of n and 56?
7
Let p be 9/(-135) + (-13237)/(-105). What is the highest common factor of 9 and p?
9
Suppose 5*c - 20723 = -3*k, 3*c + 16*k - 12437 = 11*k. What is the highest common factor of 112 and c?
112
Let n = -758 + 1017. Calculate the greatest common factor of 148 and n.
37
Suppose 11 = 4*d - 5. Suppose 4*y - 3 = b, 27 - d = 3*b + 4*y. Calculate the highest common factor of 40 and b.
5
Let w be -16*(-43)/(((-6)/(-12))/1). Calculate the greatest common factor of 32 and w.
32
Let h(x) = -5*x + 35. Let f be h(-11). Suppose 7*u = 5*u + f. What is the highest common factor of u and 45?
45
Let u = -12 - -10. Let b be u/(-16) + (-1596)/(-32). Let l = -33 + b. Calculate the highest common factor of 68 and l.
17
Let k(x) = x**2 - 2*x - 2. Let g be k(6). Suppose 0 = -5*f - 0*f - 5, -3*f = 4*s - 349. Calculate the greatest common divisor of g and s.
22
Suppose 0 = 8*k + 17*k - 575. What is the highest common factor of 391 and k?
23
Let b = 533 - 507. Calculate the greatest common factor of 52 and b.
26
Suppose 55 - 59 = -c, 0 = -5*l - 4*c + 436. Suppose 5*s = 4*a - 89, -2*a + 4*s + 0*s + 46 = 0. Calculate the highest common factor of a and l.
21
Suppose 2*r - 4*w = 0, 3*r + 5*w - 3 = 4*r. Let o be (r/6)/(5/195). Let a = -28 - -41. What is the greatest common divisor of a and o?
13
Suppose -3*n = -4*n + a + 1, a = 5*n - 1. Suppose -4*p = 4*z - z - 347, 5*p + 5 = n. Calculate the highest common factor of z and 13.
13
Let q(y) = -y**2 + 1. Let p be q(-1). Suppose p = x + 4*b - 271, -x + 2*x = 2*b + 241. Let s = x - 125. Calculate the highest common divisor of 18 and s.
18
Suppose -10*z + 50 = -0. Suppose z*u - 23 = -13. What is the greatest common divisor of 32 and u?
2
Suppose -71*n - 126 = -76*n - 3*b, 4*b = -n + 32. What is the greatest common divisor of 84 and n?
12
Let g = 86 - 46. Suppose -16 = -10*r + 8*r + 2*n, -5*r + 54 = 2*n. What is the greatest common divisor of g and r?
10
Let i be (-114)/(-12)*(-4 + -2). Let h = i + 317. Suppose 4*x - h = -x. Calculate the greatest common divisor of 13 and x.
13
Let i(b) = -b**2 + 85*b + 98. Let u be i(26). Calculate the greatest common factor of u and 102.
102
Let t = -22 - -34. Let l(n) = -8*n + 3 - 2 - 1. Let j be l(-9). Calculate the greatest common divisor of j and t.
12
Let y = -14 - -18. Let b(c) = 3*c**2 - 4*c - 5. Let v be b(y). What is the greatest common factor of v and 3?
3
Let j(q) = -q**2 + 5*q + 1. Let g be j(5). Let n be 5/(g*(-4 + 3)). Let a = n - -23. Calculate the greatest common factor of a and 198.
18
Let v be ((-6)/(-7))/((-1)/7). Let t = v - -8. Calculate the highest common factor of 6 and t.
2
Let v = -2910 - -2915. Let z be 44/10 + 6/(-15). Suppose z*f + 28 = 88. Calculate the greatest common factor of f and v.
5
Suppose 136 = 4*w + 4*z - 0*z, 4*z + 68 = 2*w. What is the greatest common factor of w and 153?
17
Let i be -4 + 200/(4 + -2). Suppose 0 = -13*h + i + 8. Calculate the highest common divisor of h and 4.
4
Let t = -474 + 507. Let v be 11/(1 - 0/1). Calculate the greatest common factor of v and t.
11
Let q(a) = 6*a**2 - 5*a - 1. Let f be q(-4). Suppose -2*u - f = -7*u. Suppose -2*o + 368 = 14*o. What is the highest common factor of u and o?
23
Let z(l) = -6*l**3 + 54*l**2 - 20*l + 8. Let v be z(6). Calculate the greatest common divisor of 201 and v.
67
Let j = -491 - -515. Calculate the greatest common divisor of j and 84.
12
Let j(z) = -z**3 + 9*z**2 + 19*z - 40. Let x be j(10). What is the highest common factor of 700 and x?
50
Let a be 0 - 2 - 270/(-5). Suppose -a = -2*r - h - h, 4*r = h + 124. Calculate the greatest common divisor of 45 and r.
15
Let q(z) be the second derivative of z**4/4 - 2*z**3/3 + z**2/2 - 6*z. Let r be q(8). Calculate the greatest common factor of r and 23.
23
Suppose -2*z + 201 - 677 = 0. Let u = z + 148. Let x be (-20)/u - 2876/(-18). Calculate the greatest common divisor of x and 16.
16
Suppose -2*j - 5*g = -49 - 10, j + 4*g - 28 = 0. Calculate the highest common divisor of 1568 and j.
32
Let f = -13 + 7. Let o(r) = r**3 + 7*r**2 + 3*r + 3. Let p be o(f). Suppose 37 + 37 = 3*d + 5*u, d = 2*u + p. Calculate the greatest common factor of d and 92.
23
Let r be (26 - 10)/(10/605). Calculate the greatest common factor of 8 and r.
8
Suppose -10*j + 12*j = 4*v + 338, 173 = j - 4*v. Calculate the greatest common factor of 10 and j.
5
Suppose 2*x - 5*x + 42 = 0. Let z(y) be the first derivative of 3*y**2/2 - 13*y - 2. Let r be z(9). Calculate the greatest common divisor of x and r.
14
Let m = 1615 - 1573. What is the greatest common factor of 42 and m?
42
Let c be 1/(-2) + 77/22. Suppose 0 = -c*x - k + 224, -x + k = x - 151. Let u(y) = 2*y + 1. Let m be u(7). Calculate the greatest common factor of x and m.
15
Suppose 5*t - 79 = b - 6, 2*t + b - 32 = 0. Let h = t + 1. Calculate the greatest common divisor of h and 8.
8
Suppose -c = -2*i + 2, 3*c + 3*i = 8*i - 5. Suppose -2*f - 3*f + 1365 = c. What is the greatest common factor of 39 and f?
39
Let r(t) = -t**3 + 6*t**2 - 5*t + 3. Let q be r(3). Suppose 4*u + 9 = 7*u. Suppose 62 = u*j + 17. Calculate the greatest common factor of j and q.
15
Suppose r = -3*h + 23, 2*r = h + 61 + 6. Let n = 4 + -1. Suppose 544 = n*d - 320. What is the highest common divisor of r and d?
32
Suppose 0 = 3*s + 3*j - 57 - 36, 4*s - 152 = 3*j. Suppose y + 5 = 16*r - 13*r, -4*r = -5*y + 19. What is the greatest common factor of s and y?
7
Let f = 1 - -71. Suppose -40 = c - 2. Let t = c + 62. What is the greatest common factor of f and t?
24
Let d = -33 - -72. What is the highest common divisor of 52 and d?
13
Let b be 7*(-110)/(-77) + 25. What is the highest common factor of b and 20?
5
Suppose 5*j - 532 = 5*y + 2143, 0 = 2*j + 4*y - 1052. What is the highest common factor of j and 28?
28
Let h be (5/3)/((-4)/12*-1). Suppose -375 = -l - 4*l + h*t, 5*l - 405 = -t. Calculate the highest common factor of l and 32.
16
Suppose -2 - 68 = -5*w. Let i(p) = -3*p**3 - w*p**2 - 3*p + 4*p**3 + 2*p + 20*p**2. Let h be i(-5). Calculate the highest common divisor of 60 and h.
30
Let m(v) = -v + 44. Let w be m(0). Let l be (-8)/w - (-376)/11. Let a be ((-34)/(-4))/(2*1/4). Calculate the greatest common factor of a and l.
17
Let b(n) = -n**2 + 5*n + 14. Let v be b(6). Let d be 73/4 + 14/v + -2. What is the greatest common divisor of 45 and d?
9
Suppose -429 = -3*h - 3*s - 0*s, -274 = -2*h + 4*s. Suppose -p - 3*p = -d + h, -774 = -5*d - 3*p. What is the highest common factor of d and 17?
17
Let w be 2/2*(-63)/9. Let o = w + 63. Calculate the greatest common divisor of 7 and o.
7
Suppose -2*f = -f - 6. Let n be ((-4)/f)/(10/(-165)). Let t = -49 - -71. What is the highest common factor of t and n?
11
Suppose -5*u + 2*j + 565 = 7*j, -j = -3. What is the highest common divisor of u and 250?
10
Suppose -s - 30 = -95. Let p be (